et t = -99 - -185. Let a = t + b. Calculate the greatest common factor of a and 7.
7
Suppose -3444 = -5*t - 7*t. Calculate the highest common divisor of t and 41.
41
Let q = 99 + -54. Let w(y) = y**3 + 12*y**2 - 92*y - 1095. Let k be w(-12). What is the highest common divisor of q and k?
9
Let p(l) = l**2 - 14*l + 48. Let y be p(4). What is the greatest common factor of 68 and y?
4
Let v be 210/(-4)*12/(-9). Suppose -l = 2*j - 7*j + 44, 0 = 5*j + 5*l - 20. Let k = j - -6. What is the highest common divisor of v and k?
14
Suppose 0 = 49*f - 44*f - 875. Calculate the highest common divisor of 25 and f.
25
Let w(s) = 76*s + 1. Let v be w(1). Let j = 237 - v. Suppose 4*x + 9709 - 9773 = 0. What is the greatest common factor of j and x?
16
Let q(x) = -x**2 + 5*x + 3. Let j be q(8). Let c = 14 + j. Let w(k) = -k**3 - 7*k**2 - 8*k - 5. Let y be w(c). What is the greatest common divisor of 34 and y?
17
Suppose 160*b - 164*b = -28. Suppose 4*h = 4*i - i - 201, 4*i = -2*h + 246. Let x = -21 + i. Calculate the greatest common divisor of b and x.
7
Suppose -15*y + 2*i = -14*y - 43, -3*y - i = -108. Calculate the highest common divisor of y and 74.
37
Suppose -3*q + o + 141 = 0, -4*q - 5*o = -0*q - 188. Let s = q - 32. What is the highest common divisor of s and 15?
15
Let g(p) be the third derivative of -p**5/60 + 7*p**4/24 + 5*p**3/2 - 33*p**2. Let a be g(7). Calculate the greatest common divisor of a and 75.
15
Suppose 96 = 4*j - 0*j - 4*t, -10 = 5*t. Calculate the greatest common factor of 143 and j.
11
Let g be (10 - -25) + 0/4. What is the greatest common factor of 315 and g?
35
Let r = 4 - 7. Let l be (-3)/(r - -2) + 101. Suppose 0 = 3*j + 5*v - 19, -v - 2*v - 77 = -5*j. Calculate the highest common factor of l and j.
13
Let b = 54 + -26. Suppose -19*h + 408 = 15*h. Calculate the highest common divisor of h and b.
4
Suppose -c + 10 = 2*l, l + 3 = 4*c - 10. Let x = c + 5. Let w be x - (-16)/(0 + 4). What is the greatest common divisor of 78 and w?
13
Let s(a) = 223*a**3 + 2*a**2 - 3*a + 2. Let g be s(1). What is the greatest common factor of g and 320?
32
Let a = -522 - -639. What is the highest common divisor of a and 234?
117
Let z(t) = -19*t**2 + t + 8. Let j be z(-2). Let f = 77 + j. What is the greatest common divisor of f and 1?
1
Let i be (-672)/(-10) - 196/(-245). What is the greatest common divisor of i and 17?
17
Let m = -72 - -62. Let s be 140 - ((-2)/6)/(m/(-90)). Calculate the highest common divisor of s and 11.
11
Let q = -179 + 221. What is the greatest common divisor of 294 and q?
42
Let v(c) = 55*c**2 + 3*c + 4. Let p be v(-1). What is the greatest common factor of 56 and p?
56
Let g be (0/(-10))/(-1*2) + 4. Suppose 4*q - 37 = -5*v, q = g*q - 4*v - 20. Let o(h) = 12*h. Let m be o(2). Calculate the highest common factor of m and q.
8
Let k be 153/1 + (4 - 4). Let n be 2 - 2 - 2 - -8. Let i be -2 + 3*38/n. What is the greatest common factor of i and k?
17
Suppose 3*a - 5*q - 1084 = -q, -a + 358 = 2*q. Suppose 5*v - a = -0*v. Let g = -17 - -26. What is the highest common factor of g and v?
9
Let l(t) = 5*t**3 + 5*t**2 - 3*t - 3. Let o be l(3). Suppose 256*y = 252*y + 96. Calculate the greatest common factor of y and o.
24
Let f = 11 - -121. Let q be (3/(-4))/(4/(-128)). Suppose -5*p - q = -84. Calculate the greatest common factor of p and f.
12
Suppose -329*w = -323*w - 360. Suppose 2*p = 17 + 13. What is the highest common factor of p and w?
15
Suppose 0 = 3*q - 2*v - 13851, 33*v = 32*v - 3. What is the highest common divisor of 71 and q?
71
Let c(k) = -k + 3. Let u be c(-6). Suppose a - 3 = -3*s - 2*a, -4*s = -5*a - 40. Suppose -24 = s*g - 69. Calculate the greatest common factor of u and g.
9
Suppose -4*r - 364 = -4*s, -1 = 5*r + 4. Calculate the highest common factor of 207 and s.
9
Suppose -2*a + 74 = 3*a + 3*i, 3*a - 51 = -4*i. Suppose 4*h - 3*h = 1, 2*g - 261 = h. Let t = g - 92. Calculate the highest common factor of t and a.
13
Let b(l) = l**2 - 26*l + 28. Let a be b(25). Suppose -a*u + 350 - 14 = 0. What is the highest common divisor of u and 16?
16
Let v(c) = -c**3 + c**2 - 3. Let u be v(-4). Let f = 1325 - 1314. Calculate the greatest common divisor of f and u.
11
Let c = 1822 - 1820. Let g be (-2)/(-5) - 47/5. Let o = 15 + g. What is the highest common divisor of c and o?
2
Suppose 5*r = 3*v + 330, -r = -5*r - 2*v + 264. Suppose -19*m + 1382 = -499. Calculate the highest common divisor of r and m.
33
Suppose -5*s + 4*w = -120, -2*s = 5*w - 54 - 27. Suppose 3*p = -p + 784. Calculate the highest common divisor of p and s.
28
Suppose 12 = 4*s - s. Suppose 5*k = s*c - 6, -4*c + 6*c = 8. What is the highest common factor of k and 50?
2
Suppose -t = t + 2*p - 634, 0 = 2*t + 3*p - 635. Calculate the highest common factor of 12 and t.
4
Let q = -4 - -9. Suppose 0 = -4*y - u + 89 + 16, 140 = 5*y + 3*u. What is the highest common factor of y and q?
5
Let j(n) = n**3 - 17*n**2 - 34*n - 48. Let g be j(19). Suppose 3*c = 3*o - 54, -17 - 41 = -3*o + 4*c. Calculate the greatest common factor of g and o.
14
Let l = 166 + -118. Calculate the greatest common factor of 16 and l.
16
Let m(h) = 5*h**3 + 1. Let j be m(1). Suppose -b - 80 = -j*b. Suppose f = 2*y + 3*y - 324, 2*y - 148 = 5*f. What is the greatest common divisor of b and y?
16
Let w(z) = 5*z**2 - 54*z + 114. Let b be w(8). What is the greatest common divisor of 106 and b?
2
Let g(z) = 2*z**2 - 5*z. Let j(f) = -2*f**3 - 4*f**2 - 2*f + 2. Let y be j(-2). Let s be g(y). Let r = 69 - 48. Calculate the highest common divisor of s and r.
21
Let r(p) = -p**3 + 10*p**2 - 7*p - 13. Let f be r(9). Suppose f*w = 9*w + 12. Let d be w + 39 + 5 + -2. Calculate the highest common divisor of 26 and d.
13
Let q be ((-104)/13 + 10)/(4/954). What is the highest common divisor of q and 9?
9
Suppose 5*v + 3*w - 71 = 0, 3*w = -v + 5*v - 73. Suppose -c = -3*c + v. Let f = 6 + -2. Calculate the highest common factor of c and f.
4
Suppose -18 = -2*w + 52. Calculate the highest common factor of w and 28.
7
Let z = 135 - 70. Let k be (-184)/(-7) + 24/(-84). Calculate the highest common divisor of z and k.
13
Let a(c) = c - 1. Let w be a(-3). Let o(s) = 2*s**2 - 3*s + 6. Let f be o(w). Suppose 3*j = f - 11. Calculate the highest common factor of 117 and j.
13
Let j = 3 - -21. Suppose 0 = v - 4*l + 17, -12 + 28 = -3*v + 5*l. What is the highest common divisor of v and j?
3
Let i be (12/(-10))/((-2)/10). Let p be (8/i)/((-1)/(-96)). Let q(t) = -3*t**2 - 58*t - 3. Let h be q(-19). Calculate the greatest common divisor of p and h.
16
Suppose -2*d + d = -14. Suppose -3*p + d = -7. Let j = p - -20. What is the greatest common divisor of j and 18?
9
Let s be 13482/225 + 2/25. Calculate the highest common factor of 50 and s.
10
Let i = -712 - -928. What is the greatest common divisor of i and 72?
72
Let j(b) = -74*b - 3. Let m be j(-1). Suppose 5*u = 3*i + 129, 3*u + i - m = 6*i. What is the highest common factor of 3 and u?
3
Suppose 0 = 2*h + 2*t - 740, h - 500 = -5*t - 146. Calculate the greatest common divisor of 34 and h.
34
Let i = 5 - -20. What is the highest common divisor of 75 and i?
25
Let u be ((-6)/4)/((-12)/(-16)) - 9. Let s(b) = -6*b - 18. Let y be s(u). What is the greatest common divisor of 32 and y?
16
Let h(q) = -q**3 + 21*q**2 + 20*q + 47. Let d be h(22). Calculate the greatest common divisor of d and 4.
1
Let q(m) = m**3 - 20*m**2 + 24*m - 22. Let g be q(19). Let w = g + -28. Suppose -f + 3 + 6 = 0. Calculate the greatest common factor of w and f.
9
Let y(x) be the third derivative of x**5/15 - x**4/12 - x**3/6 - 4*x**2. Let q be y(-1). What is the greatest common divisor of 25 and q?
5
Let w be (2 + -3 + -2)*-1. Let k be -8*(-2 - (-3)/2). Suppose -k*t - 5 = -101. Calculate the greatest common factor of t and w.
3
Let i = -984 - -1274. Calculate the greatest common factor of i and 10.
10
Let t be (-1150)/(-8) + 1/4. Suppose 17 = 3*j - 31. Calculate the highest common factor of j and t.
16
Let u be (-4 + -10)/(-70) + (-3284)/(-5). Calculate the greatest common divisor of u and 9.
9
Suppose -4*c = -5 - 51. Let h be (1494/4)/(3/(-4)). Let m be h/(-36) - (-1)/6. What is the highest common factor of c and m?
14
Let q be (1 + (-9)/6)*(-4 - 14). What is the highest common divisor of 387 and q?
9
Le